 s(f) = 47*f**2 - 1365*f + 59. Give s(29).
1
Let q(y) = y**2 + 34*y + 268. What is q(-18)?
-20
Let k(h) = -14*h + 247. Give k(18).
-5
Let w(o) = -o**2 + 39*o + 420. Give w(51).
-192
Let k(l) = l**3 + 42*l**2 + 371*l - 137. What is k(-29)?
37
Let v(r) = r**3 - 103*r**2 - 92*r - 1244. What is v(104)?
4
Let f(d) = -57*d - 126. What is f(-5)?
159
Let m(p) = -2*p**3 + 3*p**2 + 21*p + 71. Determine m(5).
1
Let q(f) = -19*f**3 - 761*f**2 - 35*f + 213. What is q(-40)?
13
Let p(s) = -s**3 - 7*s**2 - 138*s - 942. Determine p(-7).
24
Let r(w) = 9*w**2 + 4*w + 30. Determine r(4).
190
Let v(p) = 28*p**2 + 106*p - 30. Determine v(-4).
-6
Let u(z) = -91*z - 23. Calculate u(-1).
68
Let i(g) = g**2 + 523*g - 5279. Give i(10).
51
Let i(n) = -3*n**3 + 94*n**2 - 42*n + 327. What is i(31)?
-14
Let r(i) = 2*i**2 - 37*i - 405. Give r(-8).
19
Let m(r) = r**3 - 41*r**2 + 361*r + 451. Calculate m(27).
-8
Let n(h) = -3*h**2 + 47*h - 115. Determine n(3).
-1
Let g(v) = -139*v + 973. Give g(7).
0
Let x(a) = -126*a - 784. What is x(-6)?
-28
Let a(n) = -n**2 + 59*n - 653. Calculate a(19).
107
Let h(y) = -31*y**2 - 3*y - 2. Calculate h(2).
-132
Let y(v) = -2*v**2 + 151*v + 1087. Calculate y(-7).
-68
Let b(n) = -19*n + 383. What is b(19)?
22
Let c(h) = -3*h**2 - 28*h - 153. What is c(-5)?
-88
Let z(t) = -14*t + 128. What is z(14)?
-68
Let x(p) = -15*p**2 - 6*p + 16. What is x(2)?
-56
Let z(j) = -j**2 - 1831*j + 11025. What is z(6)?
3
Let k(v) = -2*v**2 - 14*v + 295. Give k(-16).
7
Let y(h) = -24*h**3 - 2*h**2 + 141*h - 140. Give y(1).
-25
Let j(k) = -k**3 + 9*k**2 - 20*k + 36. Give j(6).
24
Let t(w) = -w**3 + 6*w - 2. Calculate t(2).
2
Let h(w) = w**3 + 10*w**2 - 104*w - 1016. Determine h(-10).
24
Let g(y) = 11*y**2 - 89*y + 11. Calculate g(8).
3
Let f(r) = 4*r**3 - 7*r**2 - 21*r + 43. Calculate f(3).
25
Let j(f) = 128*f - 890. Determine j(7).
6
Let n(m) = m**3 + 6*m**2 + 10*m - 11. Calculate n(-4).
-19
Let s(t) = -t**3 + 54*t**2 + 109*t + 124. What is s(56)?
-44
Let v(x) = -19*x**2 - 646*x - 64. Give v(-34).
-64
Let o(m) = -2*m**3 - 10*m**2 + 9*m + 30. Determine o(-5).
-15
Let z(i) = 197*i**2 - 18715*i + 5. What is z(95)?
5
Let n(z) = -43*z - 92. Give n(-2).
-6
Let s(n) = -27*n**3 + 3*n**2 + 8*n - 20. Calculate s(2).
-208
Let t(g) = 91*g + 7537. Give t(-83).
-16
Let g(q) = -3*q**2 - 371*q + 1555. What is g(4)?
23
Let r(c) = 230*c**2 + 1845*c + 26. Calculate r(-8).
-14
Let t(l) = l**3 - 9*l**2 + 19*l + 7. Determine t(4).
3
Let d(t) = -23*t**3 + 366*t**2 + 33*t - 23. Give d(16).
-7
Let k(u) = 43*u**2 - 11*u + 10. Determine k(1).
42
Let p(o) = -o**3 + 62*o**2 - 464*o - 15. What is p(9)?
102
Let z(q) = -23*q + 318. What is z(23)?
-211
Let i(c) = 17*c**2 - 59*c + 58. Determine i(1).
16
Let q(y) = 7*y**3 - 4*y**2 - y. Give q(3).
150
Let c(d) = 2*d**2 - 2*d - 38. Calculate c(-6).
46
Let p(n) = 5*n**3 - 383*n**2 + 225*n + 224. Determine p(76).
-4
Let x(b) = b**3 + 24*b**2 + 33*b + 247. Calculate x(-23).
17
Let w(y) = 217*y + 14. Give w(0).
14
Let o(l) = -3*l**3 + 24*l**2 + 4*l - 173. Give o(7).
2
Let i(h) = -h**3 + 4*h**2 + 108*h - 446. Give i(4).
-14
Let i(c) = -c**3 + 20*c**2 - 38*c + 24. Calculate i(18).
-12
Let o(f) = 6*f**2 - 16*f - 84. Give o(-5).
146
Let s(z) = -z**2 - 5*z + 3. Calculate s(7).
-81
Let u(f) = f**3 - 11*f**2 + 53*f - 239. Give u(7).
-64
Let t(n) = 4*n**2 + 7*n - 20. Give t(2).
10
Let z(j) = -j**3 + 10*j**2 + 18*j - 198. Determine z(10).
-18
Let u(v) = 11*v**2 + 2394*v - 4789. Determine u(2).
43
Let b(s) = s - 113. Determine b(38).
-75
Let h(b) = -b**3 - 4*b**2 + 3*b - 14. Give h(-4).
-26
Let d(q) = 275*q**2 - q - 2. Give d(1).
272
Let y(i) = i**3 - 9*i**2 + 33*i + 3. What is y(5)?
68
Let g(j) = -j**3 + 28*j**2 + 200*j - 4972. Determine g(29).
-13
Let j(c) = 4*c**2 - 61*c - 194. What is j(18)?
4
Let c(m) = 37*m + 803. What is c(-22)?
-11
Let q(y) = -8*y**2 + 118*y - 98. Determine q(14).
-14
Let v(w) = -w**3 - 7*w - 170. Determine v(-5).
-10
Let w(v) = -2*v**2 + 669*v - 4588. Determine w(7).
-3
Let k(i) = -2*i**3 - 11*i**2 + 18*i - 16. Give k(-7).
5
Let h(y) = 40*y**2 + 70*y + 25. Determine h(-3).
175
Let b(t) = -t**2 - 51*t - 372. Give b(-6).
-102
Let b(i) = 12*i**2 - 100*i + 249. Give b(5).
49
Let o(t) = -t**3 + 14*t**2 - 12*t - 101. Give o(12).
43
Let h(u) = -2*u**3 + 12*u**2 - 53*u + 261. Calculate h(6).
-57
Let z(f) = -24*f + 12. Give z(1).
-12
Let q(m) = 3*m**2 + 8*m - 62. Calculate q(-5).
-27
Let x(m) = 4*m**2 + 278*m - 752. Calculate x(-71).
-326
Let r(o) = -3*o**2 + 92*o - 307. Determine r(27).
-10
Let g(w) = -132*w + 246. Give g(4).
-282
Let s(o) = -6*o**3 + 928*o**2 + 1248*o - 37. Give s(156).
-37
Let a(m) = -338*m + 59825. Determine a(177).
-1
Let c(z) = z**2 - 29*z + 27. Calculate c(33).
159
Let x(r) = 263*r - 13101. What is x(50)?
49
Let d(u) = -9*u**2 + 20*u - 77. What is d(5)?
-202
Let y(q) = -626*q + 633. Calculate y(1).
7
Let q(b) = 3*b - 598. Give q(-8).
-622
Let y(w) = 2*w**2 + 3*w - 26. What is y(4)?
18
Let f(v) = -237*v**2 + 14*v - 10. Give f(1).
-233
Let j(r) = -41*r - 245. What is j(-6)?
1
Let y(p) = -6*p - 184. Give y(-29).
-10
Let d(l) = 13*l - 645. Calculate d(49).
-8
Let s(m) = -529*m + 2619. Give s(5).
-26
Let a(k) = -22*k**2 + 142*k + 294. Calculate a(-2).
-78
Let d(g) = -g**3 - 17*g**2 - 23*g - 67. Calculate d(-15).
-172
Let x(y) = -7*y + 96. Calculate x(20).
-44
Let a(n) = -n**3 - 17*n**2 + 40*n + 58. Determine a(-19).
20
Let r(a) = -a**2 + 23*a - 141. Determine r(15).
-21
Let p(v) = -v**3 + 9*v**2 - 18*v + 52. Calculate p(6).
52
Let t(m) = -m**2 - 25*m + 145. Give t(-30).
-5
Let f(m) = 218*m + 1325. What is f(-6)?
17
Let g(y) = 24*y**2 - 174*y + 2. Give g(7).
-40
Let i(x) = x**3 - 53*x**2 - 417*x - 202. What is i(60)?
-22
Let u(i) = -68*i**2 - 1778*i - 250. Determine u(-26).
10
Let q(h) = 374*h**3 + 2*h**2 - 4*h + 1. Give q(1).
373
Let n(l) = 33*l + 36. Determine n(-3).
-63
Let p(o) = 5*o**3 + 701*o**2 + 140*o + 162. Give p(-140).
162
Let l(y) = -6*y**3 + 6*y**2 + 18*y + 8. Determine l(-2).
44
Let j(o) = -18*o**3 - 5*o**2 - 11*o - 8. Determine j(-1).
16
Let k(g) = -539*g - 1022. Calculate k(-3).
595
Let g(c) = 6*c**2 + 85*c - 271. What is g(3)?
38
Let t(k) = -20*k + 59. What is t(5)?
-41
Let m(v) = -v**3 + v**2 - 56*v + 150. What is m(3)?
-36
Let a(x) = x**3 - 3*x**2 + 41*x - 179. Calculate a(4).
1
Let r(q) = 53*q + 1071. Give r(-20).
11
Let f(a) = -255*a**2 + 16576*a - 77. Give f(65).
-12
Let v(u) = 17*u + 728. What is v(-40)?
48
Let y(c) = -777*c + 1570. Determine y(2).
16
Let u(v) = -v**2 + 302*v - 596. Give u(2).
4
Let y(c) = -4*c**3 - 7*c**2 - 10*c - 1. Calculate y(-4).
183
Let x(s) = 22*s + 226. Give x(-6).
94
Let r(o) = 12*o**2 + 265*o + 129. Calculate r(-18).
-753
Let n(k) = -767*k - 10708. What is n(-14)?
30
Let w(g) = 393*g + 4164. What is w(-10)?
234
Let v(u) = 3*u**2 + 205*u - 811. Determine v(-72).
-19
Let w(i) = i**3 + 16*i**2 + 51*i + 199. Determine w(-13).
43
Let b(n) = 10*n - 334. What is b(41)?
76
Let h(k) = 25*k + 9. Give h(-1).
-16
Let u(x) = x**3 - 24*x**2 - 35*x + 190. Give u(25).
-60
Let w(c) = -4*c**2 + 88*c - 22. What is w(24)?
-214
Let m(i) = -3*i**3 - 285*i**2 - 558*i + 3. What is m(-93)?
3
Let h(s) = 61*s + 522. Calculate h(-8).
34
Let i(y) = 3*y**2 - 44*y - 176. Determine i(18).
4
Let s(g) = 38*g - 1515. Determine s(40).
5
Let x(r) = -r**2 + 239*r - 8097. Determine x(198).
21
Let f(k) = -40*k - 1007. Calculate f(-25).
-7
Let l(c) = c**3 + 9*c**2 - 12*c - 15. Determine l(-11).
-125
Let v(l) = -l + 56. Calculate v(43).
13
Let b(t) = 422*t + 419. Give b(-1).
-3
Let s(d) = -714*d + 5747. Calculate s(8).
35
Let r(f) = f**2 + 60*f - 185. Calculate r(-60).
-185
Let g(y) = -71*y + 5885. What is g(83)?
-8
Let c(k) = 23*k + 560. Give c(-28).
-84
Let w(o) = o**2 - 7*o + 2. Determine w(9).
20
Let l(o) = o**2 + 21*o - 16. Calculate l(-21).
-16
Let l(g) = -2227*g + 175933. Determine l(79).
0
Let g(q) = -6*q**2 + 40*q - 55. Determine g(5).
-5
Let j(b) = -b**2 - 3*b - 2. Determine j(-3).
-2
Let g(r) = -9*r + 1297. Determine g(142).
19
Let y(s) = s**3 + 15*s**2 - 28*s - 296. Determine y(-16).
-104
Let p(m) = m**3 - 35*m**2 - 244*m - 48. Give p(41).
34
Let x(o) = o**2 + 36*o - 101. Calculate x(-38).
-25
Let t(i) = 7*i**3 + 18*i**2 - 7*i - 10. Give t(-2).
20
Let g(b) = b**3 - 3*b**2 - 43*b + 8. Determine g(8).
-16
Le